{"id":75,"date":"2015-03-20T10:17:41","date_gmt":"2015-03-20T08:17:41","guid":{"rendered":"http:\/\/www.medienzentren-hessen.de\/?page_id=75"},"modified":"2018-05-23T20:11:18","modified_gmt":"2018-05-23T18:11:18","slug":"mathe-ass","status":"publish","type":"page","link":"https:\/\/www.medienzentren-hessen.de\/?page_id=75","title":{"rendered":"Mathe Ass"},"content":{"rendered":"<p style=\"color: #666666;\"><strong>MatheAss\u00a0<\/strong>ist ein Computerprogramm zur numerischen L\u00f6sung von vielen Problemen der Schulmathematik. Es findet in Deutschland weite Verwendung im Gymnasialunterricht Mathematik, f\u00fcr Schulen im Bundesland Hessen besteht eine Landeslizenz f\u00fcr die Version 8.0, die allen Sekundar-Schulen den Einsatz von MatheAss erlaubt.<\/p>\n<p style=\"color: #666666;\">&#8222;MatheAss&#8220; steht f\u00fcr Mathematik-Assistent und beschreibt damit genau das, was das Programm sein will.<br \/>\nDas Programm l\u00f6st die meisten Aufgaben aus den Bereichen :<\/p>\n<p style=\"color: #666666;\">\u00bb Algebra\u00a0\u00bb Geometrie 2D\u00a0\u00bb Geometrie 3D\u00a0\u00bb Analysis\u00a0\u00bb Stochastik\u00a0\u00bb Lineare Algebra<\/p>\n<table style=\"color: #666666;\" border=\"0\" frame=\"box\" rules=\"all\">\n<tbody>\n<tr>\n<td>\u00a0Hersteller:<\/td>\n<td>\u00a0Bernd Schultheiss, D-69168 Wiesloch<\/td>\n<\/tr>\n<tr>\n<td>\u00a0Ansprechpartner:<\/td>\n<td>\u00a0Ihr Medienzentrum<\/td>\n<\/tr>\n<tr>\n<td>\u00a0Lizenzerwerb:<\/td>\n<td>\u00a02007 durch die hess. Medienzentren<\/td>\n<\/tr>\n<tr>\n<td>\u00a0Lizenzlaufzeit:<\/td>\n<td>\u00a0unbegrenzt<\/td>\n<\/tr>\n<tr>\n<td>\u00a0Version:<\/td>\n<td>\u00a08,0<\/td>\n<\/tr>\n<tr>\n<td>\u00a0Preis:<\/td>\n<td>\u00a0kostenlos f\u00fcr hessische Schulen<\/td>\n<\/tr>\n<tr>\n<td>\u00a0Schulform:<\/td>\n<td>\u00a0Sek I ab Klasse 8<\/td>\n<\/tr>\n<tr>\n<td>\u00a0Bezugsquelle:<\/td>\n<td><a style=\"font-style: italic; color: #336699;\" href=\"http:\/\/www.matheass.eu\/matheass_de\/download.html\">\u00a0http:\/\/www.matheass.eu\/matheass_de\/download.html<\/a><\/td>\n<\/tr>\n<tr>\n<td>\u00a0 Installationshinweis:<\/td>\n<td>\u00a0schulnetzgeeignet<\/td>\n<\/tr>\n<\/tbody>\n<\/table>\n<p style=\"color: #666666;\">Weitere Hinweise:<\/p>\n<p style=\"color: #666666;\">Nach der Installation haben Sie eine Demoversion, die durch Eingabe der Lizenzdaten zur Vollversion wird. Um die Lizenzdaten zu erhalten,\u00a0\u00a0wenden Sie sich bitte an ihre Schulleitung oder an Ihr Medienzentrum.<br \/>\nDie Lizenz umfasst\u00a0<strong>nicht\u00a0<\/strong>die Sch\u00fcler zu Hause! Sch\u00fcler k\u00f6nnen zu Hause die kostenlose Demoversion\u00a0verwenden. Sie unterscheidet sich von der Vollversion nur dadurch, dass man sich am Anfang der Programmbenutzung eine Werbung f\u00fcr dieses Programm anschauen muss.<\/p>\n<p>&nbsp;<\/p>\n","protected":false},"excerpt":{"rendered":"<p>MatheAss\u00a0ist ein Computerprogramm zur numerischen L\u00f6sung von vielen Problemen der Schulmathematik. Es findet in Deutschland weite Verwendung im Gymnasialunterricht Mathematik, f\u00fcr Schulen im Bundesland Hessen besteht eine Landeslizenz f\u00fcr die Version 8.0, die allen Sekundar-Schulen den Einsatz von MatheAss erlaubt. &#8222;MatheAss&#8220; steht f\u00fcr Mathematik-Assistent und beschreibt damit genau das, was das Programm sein will. Das &hellip; <\/p>\n<p class=\"link-more\"><a href=\"https:\/\/www.medienzentren-hessen.de\/?page_id=75\" class=\"more-link\"><span class=\"screen-reader-text\">\u201eMathe Ass\u201c<\/span> weiterlesen<\/a><\/p>\n","protected":false},"author":1,"featured_media":0,"parent":0,"menu_order":0,"comment_status":"closed","ping_status":"closed","template":"","meta":{"footnotes":""},"class_list":["post-75","page","type-page","status-publish","hentry"],"_links":{"self":[{"href":"https:\/\/www.medienzentren-hessen.de\/index.php?rest_route=\/wp\/v2\/pages\/75","targetHints":{"allow":["GET"]}}],"collection":[{"href":"https:\/\/www.medienzentren-hessen.de\/index.php?rest_route=\/wp\/v2\/pages"}],"about":[{"href":"https:\/\/www.medienzentren-hessen.de\/index.php?rest_route=\/wp\/v2\/types\/page"}],"author":[{"embeddable":true,"href":"https:\/\/www.medienzentren-hessen.de\/index.php?rest_route=\/wp\/v2\/users\/1"}],"replies":[{"embeddable":true,"href":"https:\/\/www.medienzentren-hessen.de\/index.php?rest_route=%2Fwp%2Fv2%2Fcomments&post=75"}],"version-history":[{"count":2,"href":"https:\/\/www.medienzentren-hessen.de\/index.php?rest_route=\/wp\/v2\/pages\/75\/revisions"}],"predecessor-version":[{"id":220,"href":"https:\/\/www.medienzentren-hessen.de\/index.php?rest_route=\/wp\/v2\/pages\/75\/revisions\/220"}],"wp:attachment":[{"href":"https:\/\/www.medienzentren-hessen.de\/index.php?rest_route=%2Fwp%2Fv2%2Fmedia&parent=75"}],"curies":[{"name":"wp","href":"https:\/\/api.w.org\/{rel}","templated":true}]}}